+ 7. Determine r(15).
82
Let m(z) = -7*z + 6. Give m(2).
-8
Let k(r) = -r**3 - 15*r**2 + 23*r + 107. Determine k(-16).
-5
Let r(z) = z**2 - 11*z + 25. Determine r(8).
1
Let l(n) = -n**3 - 6*n**2 - 4*n + 5. What is l(-5)?
0
Let y(m) = 9*m - 91. Calculate y(10).
-1
Let j(r) = r**2 + 9*r + 21. Give j(-4).
1
Let b(z) = -z + 4. Give b(6).
-2
Let v(h) = -h**3 + 12*h**2 + 2*h - 3. Give v(12).
21
Let h(g) = g**2 - 79*g - 514. Determine h(-6).
-4
Let m(r) = 7*r + 18. What is m(-6)?
-24
Let b(y) = 3*y + 19. What is b(-9)?
-8
Let q(t) = 6*t - 11. Calculate q(6).
25
Let u(n) = n**3 - 7*n**2 + 3*n + 8. What is u(6)?
-10
Let c(j) = -6*j - 73. Give c(-10).
-13
Let h(v) = -9*v - 17. Give h(-3).
10
Let j(u) = -u**2 - 11*u - 25. Determine j(-6).
5
Let o(f) = f**3 + 22*f**2 + 23*f - 33. Calculate o(-21).
-75
Let z(m) = -m**3 + m**2 + 11. Give z(0).
11
Let j(d) = -4*d - 3. Give j(9).
-39
Let t(k) = k**3 - 9*k**2 - 3*k. Determine t(9).
-27
Let q(p) = -10*p - 14. Calculate q(-3).
16
Let p(f) = -9*f**2 - 2*f. What is p(3)?
-87
Let j(a) = -a**3 + 33*a**2 + 35*a - 46. What is j(34)?
-12
Let p(k) = 8*k**2 - 2*k - 1. Determine p(-1).
9
Let k(o) = o**2 - 15*o - 8. Calculate k(15).
-8
Let m(w) = -16*w - 88. Give m(-5).
-8
Let y(o) = -20*o + 61. Give y(3).
1
Let a(v) = 2*v**2 - 63*v + 104. Determine a(30).
14
Let j(z) = -4*z - 8. Give j(-7).
20
Let a(y) = -y**2 + 6*y + 10. Calculate a(6).
10
Let m(h) = h**2 + 23*h + 141. Determine m(-13).
11
Let k(o) = o**2 + 5*o + 2. What is k(-2)?
-4
Let a(j) = -8*j - 189. Give a(-23).
-5
Let l(d) = -d**2 + 2*d + 13. Determine l(0).
13
Let m(o) = -33*o - 258. Give m(-8).
6
Let r(a) = 56*a + 210. What is r(-4)?
-14
Let l(w) = -w**2 + 7*w + 19. Determine l(9).
1
Let k(w) = w**3 - 16*w**2 + w + 22. Determine k(16).
38
Let h(y) = y**3 + 14*y**2 + 15*y + 7. Calculate h(-13).
-19
Let c(z) = -z. What is c(2)?
-2
Let x(f) = -f**3 + 8*f**2 - 6*f + 8. What is x(8)?
-40
Let p(k) = -2*k - 4. Calculate p(-10).
16
Let b(y) = y**3 - 7*y**2 + 3*y - 2. Calculate b(4).
-38
Let t(b) = 4*b + 5. Give t(-3).
-7
Let a(g) = g + 7. What is a(14)?
21
Let p(f) = 24*f - 186. Calculate p(9).
30
Let d(p) = -6*p. Determine d(-2).
12
Let k(h) = -4*h**3 - 149*h**2 - 38*h - 41. Calculate k(-37).
-4
Let h(i) = -i - 9. Give h(-9).
0
Let n(l) = -l**2 + 13*l + 16. Calculate n(14).
2
Let n(w) = 2*w**2 + 30*w + 18. What is n(-12)?
-54
Let b(n) = n - 5. What is b(10)?
5
Let r(j) = -j**3 - j**2 - 1. Calculate r(-2).
3
Let p(q) = q**2 + 3*q - 14. What is p(-5)?
-4
Let k(m) = m + 22. Determine k(-9).
13
Let r(f) = f. What is r(-1)?
-1
Let c(i) = i**2 + 14*i - 17. Determine c(-18).
55
Let o(d) = 20*d - 155. Calculate o(8).
5
Let w(y) = 3*y. What is w(-1)?
-3
Let f(a) = 8*a + 1. Calculate f(3).
25
Let b(s) = 2*s**3 + 5*s**2 - 7*s - 1. Give b(-3).
11
Let c(j) = -j + 6. What is c(-7)?
13
Let b(d) = -d**2 - d + 9. Calculate b(0).
9
Let k(i) = i + 24. What is k(-10)?
14
Let p(m) = 6*m**2 - 6*m + 9. Calculate p(3).
45
Let q(t) = t**2 + 14*t + 16. What is q(-12)?
-8
Let k(l) = l**3 - 11*l**2 + 18*l + 12. What is k(9)?
12
Let x(p) = 7*p**2 - 33*p + 32. Determine x(1).
6
Let m(l) = 2*l**2 - 31*l + 64. Determine m(2).
10
Let y(b) = -b - 45. Give y(-6).
-39
Let j(v) = 9*v**2 - 48*v - 38. Determine j(6).
-2
Let h(j) = 6*j + 62. What is h(-11)?
-4
Let n(r) = 2*r + 3. Determine n(0).
3
Let l(m) = 12*m**3 + m + 1. Determine l(-1).
-12
Let i(g) = -10*g + 110. What is i(17)?
-60
Let a(l) = l - 48. Determine a(12).
-36
Let l(v) = v**3 + 3*v**2 - 6*v - 10. What is l(-4)?
-2
Let b(f) = -f**3 - 2*f**2 - 2*f - 2. Calculate b(-3).
13
Let l(d) = -2*d + 1. Determine l(0).
1
Let p(f) = 5*f - 41. What is p(10)?
9
Let z(f) = -f**2 + 2*f - 2. Determine z(5).
-17
Let j(l) = -2*l**2 + 17*l - 28. Calculate j(6).
2
Let m(r) = -r**2 - 11*r + 15. What is m(-9)?
33
Let o(z) = z - 1. What is o(7)?
6
Let z(x) = -7*x**3 - 37*x**2 - 11*x - 8. What is z(-5)?
-3
Let u(s) = -7*s + 1. Calculate u(1).
-6
Let b(c) = c**3 + 2*c**2 + 3*c - 4. Calculate b(-3).
-22
Let f(m) = m**3 + 31*m**2 - 35*m - 89. Calculate f(-32).
7
Let b(o) = -5*o + 60. Give b(13).
-5
Let i(c) = 97*c + 776. Determine i(-8).
0
Let q(b) = 4*b**3 - 3*b**2 + 2*b + 1. Give q(2).
25
Let z(v) = v**3 + 5*v**2 - 2*v + 5. What is z(-5)?
15
Let x(b) = 2*b**2 + 21*b + 72. Give x(-6).
18
Let f(g) = -g**3 - 16*g**2 + 20*g + 54. Calculate f(-17).
3
Let c(q) = -11*q**3 + 3*q**2 - 2*q - 1. What is c(1)?
-11
Let j(r) = -r**3 - 5*r**2 - 3*r + 7. Give j(-3).
-2
Let f(x) = x + 34. Determine f(-18).
16
Let d(b) = -b**3 - 11*b**2 - 13*b - 4. What is d(-10)?
26
Let u(y) = -y + 45. What is u(-21)?
66
Let p(n) = n**3 + 5*n**2 + 5. Calculate p(-4).
21
Let z(a) = a**3 + 40*a**2 - 2*a - 92. What is z(-40)?
-12
Let a(f) = f**3 + 4*f**2 - 5*f + 4. Determine a(-5).
4
Let o(l) = -l - 22. Give o(-24).
2
Let q(g) = g**2 + 11*g - 17. Calculate q(-11).
-17
Let m(r) = 3*r**3 - 41*r**2 - 12*r - 29. Give m(14).
-1
Let r(q) = q**3 - 9*q**2 - 11. Determine r(9).
-11
Let i(a) = -a + 7. Determine i(-4).
11
Let a(v) = v**2 - 3*v - 15. Determine a(0).
-15
Let a(j) = -67*j + 12. Calculate a(2).
-122
Let f(i) = 5*i - 88. Calculate f(14).
-18
Let v(b) = -4*b + 75. Determine v(19).
-1
Let a(t) = 2*t**3 + 17*t**2 + 2*t - 31. Calculate a(-8).
17
Let i(b) = -b**3 + 6*b**2 + 2*b + 9. Calculate i(6).
21
Let s(n) = 2*n + 27. Give s(-3).
21
Let i(z) = z**3 + z**2 + z. What is i(-1)?
-1
Let r(p) = -3*p**2 + 13*p - 23. Calculate r(7).
-79
Let g(m) = m**3 - 7*m**2 - 12*m + 24. Calculate g(8).
-8
Let z(m) = m**3 + m**2 + m + 3. Calculate z(0).
3
Let y(l) = 7*l + 66. What is y(-6)?
24
Let n(p) = -66*p - 67. Determine n(-1).
-1
Let w(f) = 2*f**2. Determine w(2).
8
Let o(q) = 2*q**3 + 6*q**2 + 5*q + 1. What is o(-4)?
-51
Let a(i) = -i**3 + 23*i**2 + i + 9. Calculate a(23).
32
Let f(o) = o**2 - 18*o + 15. Determine f(7).
-62
Let w(b) = 43*b + 737. Determine w(-17).
6
Let w(q) = -q**3 - 9*q**2 - 10*q + 47. Calculate w(-6).
-1
Let o(u) = 2*u**2 - 9*u + 2. What is o(5)?
7
Let c(r) = -58*r**3 - r**2 - 4*r - 2. Give c(-1).
59
Let d(v) = -v. Determine d(-6).
6
Let s(i) = -2*i - 2. Calculate s(1).
-4
Let m(v) = v**3 + 4*v**2 + 2*v. Calculate m(-4).
-8
Let f(w) = 4*w**2 + 5*w - 4. Give f(3).
47
Let k(h) = h**2 + 5*h - 24. What is k(-7)?
-10
Let t(m) = -9*m + 5. Give t(4).
-31
Let p(m) = m + 5. What is p(-10)?
-5
Let b(w) = -w**2 + 13*w - 30. What is b(14)?
-44
Let y(l) = -l**2 + 14*l - 13. Determine y(13).
0
Let g(k) = k**2 - 6*k + 6. Calculate g(6).
6
Let f(d) = d**3 - 4*d**2 - 7*d + 14. What is f(3)?
-16
Let z(f) = -5*f**3 - 5*f**2 + 7*f - 3. Calculate z(1).
-6
Let v(z) = -5*z**2 - z + 11. Calculate v(4).
-73
Let u(o) = -o**2 + 2*o + 13. What is u(6)?
-11
Let k(v) = -v**3 - 2*v**2 + v - 1. Determine k(-3).
5
Let k(g) = g**2 + g + 77. What is k(-7)?
119
Let n(b) = b**2 - 3*b - 6. What is n(9)?
48
Let d(q) = -q**2 + 1. What is d(-5)?
-24
Let h(a) = 3*a**2 - 49*a + 21. Give h(16).
5
Let h(n) = 13*n + 82. Determine h(-7).
-9
Let h(t) = -t**3 - 9*t - 9. Give h(0).
-9
Let g(c) = 2*c**3 + 3*c**2 + 4. What is g(-3)?
-23
Let c(r) = -5*r**3 - r**2 + r. Give c(1).
-5
Let i(g) = g**3 + 4*g**2 + 3*g + 3. Calculate i(-3).
3
Let i(m) = -2*m**3 - 15*m**2 - 5*m + 7. Determine i(-7).
-7
Let k(w) = -w**3 + 4*w**2 + w. Calculate k(4).
4
Let t(r) = r**3 + 7*r**2 - 7*r + 4. Calculate t(-8).
-4
Let j(o) = -o**2 - o - 4. Determine j(4).
-24
Let x(o) = -o**3 + 10*o**2 - 10*o + 11. Determine x(9).
2
Let s(n) = -10*n + 35. What is s(8)?
-45
Let s(o) = -o + 3. Give s(9).
-6
Let n(z) = 2*z**2 - 8*z + 2. Calculate n(3).
-4
Let k(g) = g + 14. What is k(5)?
19
Let s(g) = g - 9. Determine s(-14).
-23
Let z(v) = 5*v**3 + v**2 - v. Determine z(1).
5
Let j(h) = 2*h**2 - 31*h + 33. Give j(12).
-51
Let o(k) = -4*k**3 + 2*k**2 + 3*k - 2. Give o(2).
-20
Let q(d) = d**3 + 12*d**2 + 13*d + 6. Give q(-12).
-150
Let q(w) = -3*w**2 + 3*w + 3. What is q(-3)?
-33
Let x(f) = 3*f + 19. Give x(-10).
-11
Let m(b) = -b**3 + 7*b**2 - 8*b + 7. What is m(6)?
-5
Let i(g) = -3*g - 10. Calculate i(6).
-28
Let a(p) = -35*p - 907. Determine a(-26).
3
Let q(c) = c**2 + 65*c + 753. Determine q(-50).
3
Let x(q) = -q**3 - 8*q**2 + 14*q + 29. Calculate x(-9).
-16
Let i(x) = 7*x. What is i(1)?
7
Let a(h) = h + 22. Give a(-13).
9
Let c(a) = -a + 25. Determine c(-17).
42
Let j(m) = -m**3